**3 - 3*q + 3. Let h be j(2). Suppose 4*b - 5*b = 3*z - 7, 0 = -z - h*b + 7. Let o = 6 - z. What is the units digit of o?
4
Let m(l) = l. Let x be m(6). Let j(z) = z**3 + 8*z**2 - 7*z + 12. Let b be j(-9). What is the units digit of (b/5)/(x/(-15))?
3
Let m be (-21)/(-14)*(-8)/(-3). What is the tens digit of ((-14)/(-21))/(m/66)?
1
Let v be (-1 + 0)*3*-13. Let o = v + -20. Let y = -12 + o. What is the units digit of y?
7
Let l = -97 + 113. What is the tens digit of l?
1
Let y = 6 - 8. What is the tens digit of 1/(y/(-4)) - -20?
2
Let o(i) = -i**3 - 9*i**2 + 5*i + 5. Let c be o(-8). What is the tens digit of c/(-6)*(-4)/(-3)?
2
Let p = 8 - 8. Suppose 0 = -p*w + 3*w - 45. What is the tens digit of w?
1
Let m = -2 + 1. Let i(u) = -u**3 + u**2 - 1. What is the units digit of i(m)?
1
Let u be (-1*6)/(-2)*-4. Let f = -35 + 28. Let q = f - u. What is the units digit of q?
5
Let u(g) = g**3 - 9*g**2 + 8*g + 2. Let o be u(8). What is the units digit of 628/26 + o/(-13)?
4
Suppose 3*z - 2*s - 15 = -s, -4*s = -12. Suppose 3*a - 25 = -2*a. Suppose z - 41 = -3*c + 4*b, -a*c + 2*b = -35. What is the units digit of c?
5
Let d(t) = -t**2 - 6*t - 5. Let u be d(-6). Let c be ((-2)/2)/1*u. Suppose 3*x - 20 - 15 = -5*a, a + c = -3*x. What is the tens digit of a?
1
Let k(p) = 17*p + 35. What is the tens digit of k(6)?
3
Let o be 60/(-8)*6/(-9). Suppose d - o*d + 108 = 0. What is the tens digit of d?
2
Suppose 0 = 5*g + 6 + 4. Let d = g - -4. Suppose -u + 44 = -x + 6*x, -d*u = x - 7. What is the units digit of x?
9
Let x be -4 + 3 + 7 + -1. Let y = x + -10. What is the units digit of (2 - 0) + y + 16?
3
Let l be 48/10 - 4/(-20). Suppose -2*h + l*h = -9. What is the units digit of (-1)/h + 2/3?
1
Let y be ((-1)/2 + -2)*-2. Suppose -y*t = -t - 40. What is the tens digit of t?
1
What is the units digit of ((-32)/5)/((-4)/30)?
8
Suppose 2*d = 5*g + 629, 0 = 4*d - 6*d + 3*g + 623. What is the tens digit of d?
0
Suppose 4*v = 3*v + 34. Let q = 60 - v. What is the units digit of q?
6
Let j(h) = 5*h**2 - h. What is the units digit of j(-1)?
6
Let l(g) = g**2 + g + 3. Let s be l(-3). Suppose 31 + s = 5*z. What is the units digit of z?
8
Let l(t) = -10*t**3 - 8*t**2 - 2*t + 3. What is the hundreds digit of l(-3)?
2
Let s = 116 - 56. What is the units digit of s?
0
Suppose 3*n - 3*i + 5*i - 85 = 0, 0 = -5*i + 25. What is the units digit of n?
5
Let z(w) = w**2 + 5. Let h be z(0). Let r = h + -7. What is the units digit of ((-10)/(-3))/r*-3?
5
Suppose -5*d + 57 + 273 = j, 129 = 2*d + j. What is the tens digit of d?
6
Let y = -2 + 5. Suppose -4*h = y*g - 5*g - 10, 4*g - 5*h + 8 = 0. Suppose -g*p = 2*p - 50. What is the tens digit of p?
1
Suppose 44 = -h + 91. What is the tens digit of h?
4
Let x be 7 - 3/(-3) - 3. Suppose -x*p + p + 8 = 0. Suppose p*h = -3*k + 17, -16 = -0*h - 4*h. What is the units digit of k?
3
Suppose j - 3*j = 0. Suppose j = 4*y - 271 + 59. Suppose 3*w = -20 + y. What is the units digit of w?
1
Let k be (3/2)/(3/6). Let x = k + -1. What is the units digit of x?
2
Suppose 5*y = -15, -2*u - 2*y = -38 - 26. What is the tens digit of u?
3
Let d = 2 + 21. Suppose 5*k - w - 33 = 0, 2*w - d = -4*k - 5. What is the units digit of 1/2 + 9/k?
2
Suppose -134 = -5*p - 24. What is the units digit of p?
2
Let t = 26 - -41. Suppose 4*i = 235 - t. What is the tens digit of i?
4
Suppose -5*h - 3*r + 19 + 31 = 0, 5*r + 10 = h. Let n = 27 - h. What is the tens digit of n?
1
Suppose 13*f + 464 = 17*f. Suppose w - f = -2*w - 5*d, 3*d = -5*w + 172. What is the tens digit of w?
3
Let b be ((-86)/4)/((-4)/8). Let m = -22 + b. What is the units digit of m?
1
Let i(n) = 4*n**3 - n + 2. Let z be i(2). Suppose k = -k + z. What is the units digit of k?
6
Suppose -3*o + 0*o = -12. What is the tens digit of -7 + o - (-15 + 0)?
1
Let s = 168 + -110. What is the tens digit of s?
5
Let q(a) = 53*a**2 + 9*a + 12. What is the units digit of q(-2)?
6
Let v = 210 - 117. Suppose -4*c + v = 13. What is the tens digit of c?
2
Suppose 4*t + 5 = 3*q + 1, -5*t + 3*q = 5. Let p be -1 + t/((-1)/3). Suppose p*k = 3*k - 4. What is the units digit of k?
4
Let r(q) be the third derivative of 5*q**4/24 - q**3/2 - q**2. What is the units digit of r(4)?
7
Suppose -3*f - 3*y = y + 8, 0 = -f - 3*y - 6. Suppose f = r + 1 - 2. What is the tens digit of (-1 - -1 - -14)*r?
1
Let l = -10 - -5. Let d = 9 + l. What is the units digit of d?
4
Suppose -2*c - 820 = -5*m, -5*m - 4*c = -c - 795. What is the tens digit of m?
6
Suppose 112 = 5*a - 0*a + 2*h, 4*a = 2*h + 104. What is the tens digit of a?
2
Let b = 173 + -55. What is the tens digit of b?
1
Suppose 7*g - 1600 = 2*g. What is the hundreds digit of g?
3
Let i = 1 - -3. Suppose 16 = 5*n + 2*l, 0*n + 2*n + i*l - 16 = 0. Suppose -8 = -5*f + 3*d, 0 = n*f - f + 2*d - 12. What is the units digit of f?
4
Let a = -258 - -165. What is the tens digit of (-2)/(6/a) + -2?
2
Let m(h) = h**3 - 2*h**2 + 2*h + 2. What is the units digit of m(2)?
6
What is the tens digit of (-2)/(2/110*-2)?
5
Let n be (12/9)/(2/3). Suppose 19 = n*s + q, -2*s - 5*q = -q - 34. What is the units digit of s?
7
Let s = 23 + -27. What is the units digit of 57/(0 - 6/s)?
8
Let k(d) = -2*d + 3 - 5*d**2 + 4*d**2 - 2. Let c be k(-4). Let f(n) = n**2 + 7*n + 8. What is the units digit of f(c)?
8
Suppose -3*q - c + 18 = -0*c, 15 = -5*c. What is the units digit of q?
7
Suppose 5*l - 7 = 8. Suppose 4*y - 4 = -l*k - y, 0 = k - 2*y - 16. What is the units digit of k?
8
What is the units digit of -1 - (-150)/(0 + 3)?
9
Suppose g = 3*a + 68, 2*g - g = -3*a + 68. Let p = -43 + g. What is the units digit of p?
5
What is the units digit of (-14 - -5)*(1 - 2)?
9
Let t(l) = -5*l + 8. Let j(d) = d**2 - 6*d + 2. Let x be j(4). Let n be t(x). Let b = -25 + n. What is the units digit of b?
3
Let l be (-68)/(-12) + (-1)/(-3). Let q = l + -2. Suppose 5*h = -v + 6 + 1, -q*h + 4*v - 4 = 0. What is the units digit of h?
1
Let j(x) = -x + 7. Let i be j(13). Let o = 10 + i. What is the units digit of o?
4
Let b be ((-2)/4*-2)/1. What is the units digit of 7 + 0 + 0 - b?
6
Let y be ((-1)/(-3))/((-1)/(-117)). Let g = 36 + y. Suppose 0 = 5*u - 0*u - g. What is the tens digit of u?
1
Let p(n) = -n**3 + n**2 - n + 22. Let a be p(0). Suppose j - x + 2 + 5 = 0, -2*x = -4*j - a. What is the tens digit of -11*(-3 - (j + 2))?
1
Let w(t) = t**3 + 7*t**2 + 4*t - 5. Let a be w(-6). Let r = 3 + -4. What is the units digit of (a/4)/(r/(-4))?
7
Suppose -3*d - d + 32 = 0. What is the units digit of d?
8
Let v = 36 + -26. Suppose 0 = -v*y + 4*y + 192. What is the units digit of y?
2
Let l = 66 - 64. What is the units digit of l?
2
Let p(f) = 15*f - 3. What is the tens digit of p(4)?
5
Let o(q) = 7*q**3 + 2*q**2 + q. What is the tens digit of o(2)?
6
Let c be -3 + 5 + -1 + -1. Let k be 5*(8/10 - c). Suppose -2*l + 12 = -4*s, k*s + 0*s - 16 = -5*l. What is the units digit of l?
4
Suppose k = -1, 5*j + 4*k = 2*j - 73. Let l = -16 - j. What is the units digit of l?
7
Suppose 0 = 3*j + 3*g - 176 - 91, 3*g = 5*j - 437. What is the tens digit of j?
8
What is the tens digit of (40 + 2)/3 + 0?
1
Suppose 0*b - b = 5*n - 1103, 5*n + 3*b = 1099. What is the hundreds digit of n?
2
What is the units digit of 81/12 + 3/12?
7
Let w(o) = -o + 12 + 1 + 5 - 12. Suppose -11 = -3*f + 4. What is the units digit of w(f)?
1
Suppose 3*f - 4*k + 7 = k, 0 = -4*k + 20. Suppose -2*n + 32 = -f. What is the tens digit of n?
1
Let q(y) = y**2 + 6*y. Let a be q(-5). Let v = a - -7. Let p(t) = -t + 3. What is the units digit of p(v)?
1
Suppose 4*n + n - 10 = 0. Suppose 2*z - 32 = 2*u, -6*z + n*z - 5*u + 64 = 0. What is the units digit of z?
6
Suppose 74 = -4*i + 6*i. Let h = i + -26. What is the tens digit of h?
1
Let b(q) be the first derivative of -q**4/4 - 4*q**3/3 - q**2/2 + 2. Let h be b(-4). Suppose -2*y + h*y = 10. What is the units digit of y?
5
Let m(h) = -h**2 + 5. Let l be m(0). Let w(b) = -b**3 + 6*b**2 - 5*b + 3. What is the units digit of w(l)?
3
Let h(y) = -y**2 + 27. Suppose -p - 3*t = 12, 3*p - 2*t = -5*t - 12. What is the units digit of h(p)?
7
What is the units digit of (7 - 3) + (1 - 36/(-2))?
3
Let l = 4 - 3. Let p(q) = 5*q - 5*q**2 + l + 4*q**2 - 2*q. What is the units digit of p(3)?
1
Let u(o) = -11*o - 12 + 5*o**2 + o**3 + 0*o**2 + 4*o**2. Let v be u(-1